False
Does 30 divide 845661?
False
Does 22 divide 822294?
True
Does 10 divide 9910?
True
Is 60709 a multiple of 146?
False
Is 65 a factor of 116740?
True
Is 156 a factor of 2006628?
True
Does 7 divide 9984?
False
Is 20 a factor of 46460?
True
Is 416 a factor of 8408346?
False
Is 2206638 a multiple of 246?
False
Is 6604065 a multiple of 15?
True
Is 2953327 a multiple of 17?
False
Is 1150 a factor of 6188150?
True
Is 893286 a multiple of 193?
False
Does 5 divide 538529?
False
Is 71 a factor of 338954?
True
Is 169490 a multiple of 9?
False
Is 9756 a multiple of 39?
False
Does 300 divide 560618?
False
Is 128265 a multiple of 118?
False
Does 6 divide 30828?
True
Does 94 divide 274480?
True
Does 40 divide 16880?
True
Is 1968067 a multiple of 19?
False
Is 1848 a factor of 15601399?
False
Is 216 a factor of 166436?
False
Does 732 divide 829238?
False
Is 3024871 a multiple of 167?
True
Is 16408533 a multiple of 1038?
False
Does 2 divide 262309?
False
Does 573 divide 1580334?
True
Is 253981 a multiple of 104?
False
Is 34 a factor of 27755?
False
Is 53555 a multiple of 112?
False
Does 84 divide 346634?
False
Is 7791424 a multiple of 126?
False
Does 87 divide 3369?
False
Is 9 a factor of 70499?
False
Is 35 a factor of 364490?
True
Is 380355 a multiple of 148?
False
Does 160 divide 11261241?
False
Does 58 divide 54810?
True
Is 119536 a multiple of 4?
True
Does 59 divide 58061?
False
Does 465 divide 2065722?
False
Does 63 divide 5700177?
True
Is 247 a factor of 5284795?
False
Does 88 divide 924616?
True
Is 5080 a multiple of 89?
False
Does 34 divide 227871?
False
Is 473 a factor of 435160?
True
Is 622161 a multiple of 81?
True
Is 5324569 a multiple of 67?
False
Does 58 divide 1353736?
False
Does 5 divide 8713295?
True
Does 94 divide 111138?
False
Is 103 a factor of 13354671?
True
Does 14 divide 172094?
False
Does 58 divide 139954?
True
Does 25 divide 2165726?
False
Is 30 a factor of 28440?
True
Is 7 a factor of 254080?
False
Does 89 divide 1383060?
True
Is 967845 a multiple of 565?
True
Does 587 divide 297799?
False
Does 11 divide 968572?
True
Does 49 divide 218393?
True
Is 570 a factor of 3760290?
True
Is 60342 a multiple of 6?
True
Is 1078 a factor of 979902?
True
Does 163 divide 684763?
True
Is 17 a factor of 16655852?
True
Is 1793536 a multiple of 904?
True
Is 98 a factor of 1198050?
True
Does 9 divide 806589?
True
Does 133 divide 261905?
False
Is 1006562 a multiple of 10?
False
Is 12 a factor of 69132?
True
Is 29 a factor of 128472?
False
Is 25 a factor of 105177?
False
Is 12774060 a multiple of 53?
True
Is 29 a factor of 235132?
True
Is 1210682 a multiple of 12?
False
Is 35 a factor of 838030?
False
Does 919 divide 4547876?
False
Is 1246645 a multiple of 10?
False
Is 76 a factor of 3194605?
False
Is 633 a factor of 771834?
False
Is 325 a factor of 14665300?
True
Is 44631 a multiple of 27?
True
Does 91 divide 11736543?
True
Does 104 divide 208250?
False
Is 22 a factor of 35948?
True
Is 124 a factor of 709448?
False
Does 10 divide 841550?
True
Is 9717376 a multiple of 218?
False
Does 26 divide 3071879?
False
Is 3403951 a multiple of 40?
False
Does 251 divide 2259?
True
Is 3052079 a multiple of 26?
False
Is 159692 a multiple of 332?
True
Is 317 a factor of 1084382?
False
Is 131 a factor of 74277?
True
Is 218130 a multiple of 66?
True
Does 78 divide 1960842?
True
Is 6 a factor of 131641?
False
Is 25 a factor of 296249?
False
Is 80 a factor of 842160?
True
Does 217 divide 16115249?
False
Is 11517 a multiple of 33?
True
Does 65 divide 1243035?
False
Is 71 a factor of 48521?
False
Does 296 divide 296?
True
Is 829 a factor of 42107?
False
Is 250080 a multiple of 48?
True
Is 1795518 a multiple of 18?
True
Does 326 divide 1811992?
False
Does 23 divide 181079?
True
Is 2825883 a multiple of 216?
False
Is 669 a factor of 1948578?
False
Does 104 divide 9014616?
True
Is 25776606 a multiple of 2474?
True
Is 3764040 a multiple of 60?
True
Is 88 a factor of 276320?
True
Is 53 a factor of 4818972?
True
Does 48 divide 96220?
False
Is 35027 a multiple of 33?
False
Is 92 a factor of 659871?
False
Is 857575 a multiple of 25?
True
Is 6817232 a multiple of 784?
False
Is 100 a factor of 4800111?
False
Is 23 a factor of 181552?
False
Is 573455 a multiple of 5?
True
Is 1092462 a multiple of 19?
True
Is 4429515 a multiple of 103?
True
Is 43 a factor of 139535?
True
Is 269250 a multiple of 75?
True
Is 9 a factor of 48515?
False
Does 336 divide 866001?
False
Is 50375 a multiple of 24?
False
Is 974736 a multiple of 144?
True
Does 576 divide 956846?
False
Is 20 a factor of 95300?
True
Does 1142 divide 6297931?
False
Is 3422296 a multiple of 149?
False
Does 420 divide 10962949?
False
Is 4283 a multiple of 28?
False
Does 65 divide 143520?
True
Is 1440 a multiple of 24?
True
Is 562770 a multiple of 1665?
True
Is 2113363 a multiple of 42?
False
Is 12 a factor of 2529956?
False
Is 17480 a multiple of 10?
True
Does 27 divide 667682?
False
Does 168 divide 33073?
False
Is 217 a factor of 1734916?
False
Does 222 divide 1340880?
True
Does 14 divide 125622?
True
Is 25939004 a multiple of 182?
True
Is 182503 a multiple of 27?
False
Is 70725 a multiple of 205?
True
Is 956 a factor of 991842?
False
Does 12 divide 4109003?
False
Does 301 divide 1312504?
False
Does 175 divide 28175?
True
Is 4295466 a multiple of 18?
True
Is 427896 a multiple of 266?
False
Is 800 a factor of 330312?
False
Does 11 divide 11420905?
False
Does 9 divide 171615?
False
Is 10092438 a multiple of 287?
False
Is 55 a factor of 146396?
False
Is 7 a factor of 209488?
False
Is 650 a factor of 480350?
True
Is 6854938 a multiple of 52?
False
Does 104 divide 158808?
True
Is 376417 a multiple of 30?
False
Is 513080 a multiple of 247?
False
Is 9 a factor of 1252865?
False
Is 18 a factor of 2795364?
True
Is 695422 a multiple of 543?
False
Is 3135859 a multiple of 121?
False
Is 315887 a multiple of 47?
True
Does 1047 divide 28200945?
True
Is 20 a factor of 1302121?
False
Does 20 divide 98040?
True
Does 931 divide 1260574?
True
Is 134 a factor of 140059?
False
Is 27 a factor of 156600?
True
Does 4 divide 2711732?
True
Is 441936 a multiple of 11?
True
Does 9 divide 2018446?
False
Is 544 a factor of 13003776?
True
Is 108674 a multiple of 32?
False
Does 94 divide 157356?
True
Does 41 divide 390068?
False
Is 6 a factor of 316638?
True
Does 25 divide 587178?
False
Is 2980845 a multiple of 15?
True
Is 1971386 a multiple of 17?
False
Is 46356 a multiple of 9?
False
Is 160 a factor of 584800?
True
Is 644 a factor of 312984?
True
Is 424864 a multiple of 44?
True
Is 91 a factor of 309673?
True
Is 1513721 even?
False
Does 181 divide 2091998?
True
Is 23 a factor of 331208?
False
Does 368 divide 411792?
True
Does 5 divide 102420?
True
Does 859 divide 3132883?
False
Is 11 a factor of 48620?
True
Is 387285 a multiple of 8?
False
Is 22 a factor of 170841?
False
Is 2234179 a multiple of 139?
False
Is 46365 a multiple of 15?
True
Does 22 divide 2104318?
False
Does 3 divide 506329?
False
Is 70 a factor of 398440?
True
Is 184 a factor of 301760?
True
Is 116 a factor of 116464?
True
Is 21037252 a multiple of 112?
False
Does 383 divide 6926357?
False
Is 9686550 a multiple of 6?
True
Is 301 a factor of 498539?
False
Is 783 a factor of 3990168?
True
Is 37 a factor of 1095973?
False
Is 189 a factor of 49140?
True
Does 4 divide 504?
True
Does 27 divide 198495?
False
Is 44118 a multiple of 4?
False
Is 148862 a multiple of 97?
False
Is 3 a factor of 93219?
True
Does 23 divide 1224703?
False
Is 33 a factor of 533725?
False
Is 1316 a factor of 418488?
True
Does 18 divide 9324?
True
Is 27 a factor of 620757?
True
Is 3 a factor of 20262?
True
Is 5429052 a multiple of 54?
True
Does 19 divide 549252?
True
Does 433 divide 537663?
False
Is 900 a factor of 3293100?
True
Is 26943 a multiple of 3?
True
Is 594519 a multiple of 445?
False
Is 26 a factor of 26385?
False
Is 11193602 a multiple of 5?
False
Does 105 divide 450240?
True
Does 24 divide 741672?
True
Is 108 a factor of 637176?
False
Is 9 a factor of 103905?
True
Does 435 divide 348435?
True
Is 266826 a multiple of 67?
False
Is 2336804 a multiple of 126?
False
Does 20 divide 960280?
True
Is 952272 a multiple of 102?
True
Is 4 a factor of 2025?
False
Is 410664 a multiple of 24?
True
Is 950472 a multiple of 921?
True